- 78 = 2*a. What are the prime factors of 11/((-44)/h) + 243?
13, 19
Suppose -5*p = -20, 3*j - p - 5 = 2*j. Suppose 4 = -5*v - 3*w + 23, 0 = -3*v - w + j. Suppose v*d + 3*g = g + 20, d + 4*g = 7. List the prime factors of d.
11
Let v(w) = -4*w**3 - 9*w**2 + 6*w + 49. List the prime factors of v(-6).
7, 79
Let k(n) = n**3 + 3*n**2 + 2*n + 1860. List the prime factors of k(0).
2, 3, 5, 31
Suppose 7*z - 3147 = -67. What are the prime factors of z?
2, 5, 11
Suppose -387 = 8*a - 211. Let n(d) = d**3 - 2*d**2 - 3. Let u be n(3). Let v = u - a. What are the prime factors of v?
2, 7
Suppose 4*i - 6*i = 3*h + 192, -5*h = -4*i - 384. Let l = 137 + i. List the prime factors of l.
41
Let m(n) be the second derivative of n**7/2520 + n**6/80 - n**5/60 - n**4/12 - 2*n. Let h(a) be the third derivative of m(a). List the prime factors of h(-10).
2
Let t = 3936 - 1920. List the prime factors of t.
2, 3, 7
Suppose -k - 3*w + 141 = -5*k, 4*k + 143 = w. Suppose 5*c + 27 = -83. Let g = c - k. List the prime factors of g.
2, 7
Let i be (-2)/(-6) - 8/(-3). Suppose 0 = -i*q + p + 11, 2 = -2*q - p - 3*p. Suppose -2*u - k = -34, 3*u - q*k - 62 = k. What are the prime factors of u?
2, 3
Let j(n) = 30*n - 5. Suppose -13*t + 97 + 7 = 0. List the prime factors of j(t).
5, 47
Let d(l) = -4*l**2 + 6*l - 3 + l**3 + 4*l**2 + 8*l**2. Let c be d(-7). Suppose u - 2*h = 12, 3*u - 55 = 3*h - c. List the prime factors of u.
2, 11
Suppose -3*q = 4*q. Let j(b) = -2*b - 2. Let g be j(-4). Let t = q + g. What are the prime factors of t?
2, 3
Suppose -10*u = -324 - 1646. What are the prime factors of u?
197
Suppose 0 = -3*g - 3*q + 51, 4*q - 3 = g - 0*g. Suppose -12*a = -g*a + 7. List the prime factors of a.
7
Let w = -23 + 23. Let c(i) = 20 - 24 + 14*i + w*i**2 + i**2. What are the prime factors of c(-16)?
2, 7
Let t = -192 + 89. What are the prime factors of -1 + (3 - 3) - t?
2, 3, 17
Suppose 78 + 10 = -4*j. List the prime factors of (-561)/j*(-2)/(-3).
17
Suppose 9*d = 14*d - 1615. Suppose -g = -u + g + 61, 5*u - d = g. List the prime factors of u.
5, 13
Let r = 270 - 80. What are the prime factors of r?
2, 5, 19
Let o(k) = 2*k**2 + k - 3. Let c be o(2). Suppose -12*y + 135 = -c*y. What are the prime factors of y?
3
Let j(n) = -4*n + 9. Let y(r) = -9*r + 19. Let f(q) = 7*j(q) - 3*y(q). Let s = -16 - -11. List the prime factors of f(s).
11
Let b(t) = -5*t - 89. Let r(i) = -3*i - 59. Let h(v) = 5*b(v) - 8*r(v). What are the prime factors of h(-18)?
3, 5
Suppose 2*g = -g - 0*g. Suppose 23 = 3*p - 3*i + 2, 3*i + 37 = 5*p. Let x = p - g. What are the prime factors of x?
2
Let b be (-6)/14 - 234/(-7). Suppose b*r + 20 = 37*r. List the prime factors of r.
5
Suppose p = 4, 2*p = 5*g + p + 4. Suppose g = 3*h - 2*h. Suppose h*s = 2*s - 136. List the prime factors of s.
2, 17
Let r(j) = -118*j - 1. Let n be r(-2). Suppose -y = -6*y + n. List the prime factors of 3 + 0 + (y - 1).
7
Let f = -1579 - -2639. What are the prime factors of f?
2, 5, 53
Let s = 14 - -36. Let f(y) = 2*y**3 - y**2 - 7*y - 8. Let p be f(3). Let q = s - p. List the prime factors of q.
2, 17
Let r(z) = -6 + 2 + 9*z - 14. What are the prime factors of r(8)?
2, 3
Suppose -3*s + 4*b = -3143, -s = s + 5*b - 2057. List the prime factors of s.
3, 347
Suppose -j = 5*i + 14, 0 = 4*j + 4*i + i - 4. Suppose j*w = 5*w + 3. Suppose -d - 3*o - 49 = -2*d, 245 = 5*d + w*o. What are the prime factors of d?
7
Let m be 3/5 + (-760)/(-25). Let u = 76 - m. List the prime factors of u.
3, 5
Suppose 3*x + g = 61, -53 - 25 = -4*x - 2*g. Let a = x - 16. Suppose -a*z = -75 - 87. List the prime factors of z.
3
Suppose 363 = 4*u - 253. Let c = u - -75. What are the prime factors of c?
229
Let c(d) be the first derivative of 2*d**3/3 + 3*d - 22. What are the prime factors of c(-6)?
3, 5
What are the prime factors of ((-7714)/35)/(2/(-5))?
19, 29
Let o(b) = -1474*b + 45. List the prime factors of o(-1).
7, 31
Let o = 34 + -34. Suppose 5 = 3*z - z + 5*r, o = z + 3*r - 3. Suppose z = -0*j - 5*j + 95. What are the prime factors of j?
19
Let m = 556 - 288. What are the prime factors of (-3)/3*m/(-1)?
2, 67
List the prime factors of ((-30976)/(-24))/((-2)/3 - -1).
2, 11
Suppose s - 350 - 31 = 0. List the prime factors of s.
3, 127
Suppose -4*m + 139 = -189. Suppose -7 = -5*r - 5*i + 58, -4*i = 2*r - 36. What are the prime factors of (-36)/(-48) + m/r?
11
Suppose t - 2*t = 3*r - 16, 18 = -r - 5*t. Suppose 9*z = r*z + 84. What are the prime factors of z?
2, 3, 7
Let k(f) = f**3 - 4*f**2 + 2*f + 8. Let j be k(6). Suppose -604 = -4*s - j. Suppose 0 = -3*x + y + s, -5*x = -2*x - 5*y - 124. List the prime factors of x.
43
Let n = 9 + -9. Suppose n = -o + 109 - 9. Suppose -2*p + q = -o, 5*p + 5*q = 4*q + 243. List the prime factors of p.
7
Suppose 0 = -8*v - 10*v + 54. Suppose 516 = 2*a + 6*s - 2*s, -760 = -v*a + s. What are the prime factors of a?
2, 127
Let q(w) = w + 5. Let d be q(4). Let y = d - 5. Let r = y + -2. List the prime factors of r.
2
Let a(v) = -4*v**3 + 3*v + 48. Let d(q) = 3*q**3 - 2*q - 48. Let c(o) = -2*a(o) - 3*d(o). Suppose -i - 3 + 3 = 0. What are the prime factors of c(i)?
2, 3
Let l(p) = p**3 - 5*p**2 + 4. Let s be l(5). Suppose 0 = -u - 5*m - 41, 2*u - s*m + 27 = -69. Let w = u - -111. What are the prime factors of w?
5, 13
Suppose 0*d - p = 2*d - 389, -d + 3*p + 191 = 0. List the prime factors of d.
2, 97
Let h = 1735 + -134. List the prime factors of h.
1601
Suppose 3*r + 79 = 2*c, r + 30 = 4*c - 3. Let p = r - -53. List the prime factors of p.
2, 7
Suppose 5*y - 123 = -0*q + 4*q, -5*y - 66 = 3*q. Let r = q + 19. List the prime factors of r + 8 - 16/(-2).
2
Suppose 2*g = -3*s + 5 + 1, g + 4 = 2*s. Let m(o) = o**2 - 1. Let w(k) = 2*k**2 + k + 2. Let f(v) = -m(v) + w(v). What are the prime factors of f(g)?
3
Suppose -21564 = 477*s - 489*s. List the prime factors of s.
3, 599
Suppose 3*n - 10770 = -2*l, 2*l + 0*l = 3*n - 10758. What are the prime factors of n?
2, 3, 13, 23
Suppose 0 = l + 3*h - 462, -2*l + h = 217 - 1113. List the prime factors of l.
2, 3, 5
Let v(o) = -o**2 - 10*o - 15. Let k be v(-8). Suppose 5*w - 73 = -s - k, -w - 5*s = -24. List the prime factors of 966/w + 4/(-1).
5, 13
Suppose -13*l = 5*l - 288. Suppose 58 - 278 = -4*g. Suppose -q - l = -g. List the prime factors of q.
3, 13
Let o be 0 + -3 + -1 + 5. What are the prime factors of 4 - (0 + o)*-97?
101
Let z(r) = r**2 - 8*r + 7. Let i(f) be the second derivative of -5*f**3/6 - f**2 + 7*f. Let m be i(-2). What are the prime factors of z(m)?
7
Suppose i - 3*i = -4*h - 126, 0 = 4*h - 3*i + 125. List the prime factors of 1*-2 - h/1.
2, 3, 5
Let r = 19 + -14. Let u = 12 - r. Suppose -2*a + 3*p + 4 = 0, 4*p + u = 3*a - 0*a. What are the prime factors of a?
5
Let o(f) = f + 18. Let y be o(-6). Let t = 18 + y. What are the prime factors of t?
2, 3, 5
Suppose 4*n = 4*d + 1864, -558 - 380 = -2*n - 4*d. What are the prime factors of n?
467
Let i = 20 + -20. What are the prime factors of (-4 - i) + -23 + 154?
127
Let v be (0 - 2*41)*(-3)/6. Suppose h - 17 = v. What are the prime factors of h?
2, 29
Let w(q) = 46*q**3 - 4*q**2 - 4*q + 15. List the prime factors of w(2).
359
Let w(p) = p + 1. Let o(m) = m**2 - 9*m - 10. Let n be o(10). Suppose 5*b + n*b - 20 = -x, 0 = 5*x - 5*b - 70. List the prime factors of w(x).
2
List the prime factors of (-12569)/(-13) + 122/793.
967
Suppose -6*m + 316 + 950 = 0. List the prime factors of m.
211
Suppose 26*y - 9*y = 60010. List the prime factors of y.
2, 5, 353
Let g(x) = x**3 - 5*x**2 - x + 3. Let w be g(5). Let k be (5 - 4)*(-250)/w. Suppose -3*d = 2*d - k. List the prime factors of d.
5
Suppose -3*p = -j - 365, -5*p - j + 575 = 4*j. List the prime factors of p.
2, 3, 5
Suppose 2065 = 21*i - 14*i. List the prime factors of i.
5, 59
Suppose -9*r + 10 = -4*r. Let n be (1/r)/(5/30). Suppose -q = n*q - 260. List the prime factors of q.
5, 13
Let s be 148/(-18) - (-6)/27. Let o(p) = p**2 + 9*p + 7. Let a be o(s). Let v = 5 - a. List the prime factors of v.
2, 3
Let n(i) be the first derivative of -i**4/6 + i**3/6 + 3*i**2/2 - 2. Let x(g) be the second derivative of n(g). What are the prime factors of x(-2)?
3
Let c(u) = -5*u**2 + 3*u - 2. Let q = -15 + 22. Let l(p) = 9*p**2 - 6*p + 4. Let t(d) = q*c(d) + 4*l(d). List the prime factors of t(4).
2